{"id":8,"date":"2013-03-11T09:10:28","date_gmt":"2013-03-11T09:10:28","guid":{"rendered":"http:\/\/fridhemsgatan68.se\/wordpress\/?page_id=8"},"modified":"2021-04-11T14:07:56","modified_gmt":"2021-04-11T13:07:56","slug":"om-foreningen","status":"publish","type":"page","link":"https:\/\/fridhemsgatan68.se\/","title":{"rendered":"Om f\u00f6reningen"},"content":{"rendered":"<p>V\u00e4lkommen till Brf V\u00e4sterg\u00e5rd 1 \u2013 en v\u00e4lsk\u00f6tt, solid och trivsam f\u00f6rening p\u00e5 Fridhemsgatan 68 p\u00e5 Kungsholmen i Stockholm.<\/p>\n\n\n<link rel='stylesheet' href='https:\/\/fridhemsgatan68.se\/wp-content\/uploads\/wow-slider-plugin\/26\/style.css' type='text\/css' media='all' \/>\n<!-- Name: Startsida  -->\n\n<!-- Start WOWSlider.com BODY section -->\n<div id=\"wowslider-container26\">\n<div class=\"ws_images\"><ul>\n\t\t<li><img decoding=\"async\" src=\"https:\/\/fridhemsgatan68.se\/wp-content\/uploads\/wow-slider-plugin\/26\/images\/bild_1__gatufasad.jpg\" alt=\"Bild 1 - Gatufasad\" title=\"Bild 1 - Gatufasad\" id=\"wows26_0\"\/><\/li>\n\t\t<li><img decoding=\"async\" src=\"https:\/\/fridhemsgatan68.se\/wp-content\/uploads\/wow-slider-plugin\/26\/images\/bild_2__dekoration.jpg\" alt=\"Bild 2 - Dekoration\" title=\"Bild 2 - Dekoration\" id=\"wows26_1\"\/><\/li>\n\t\t<li><img decoding=\"async\" src=\"https:\/\/fridhemsgatan68.se\/wp-content\/uploads\/wow-slider-plugin\/26\/images\/bild_3__porten.jpg\" alt=\"Bild 3 - Porten\" title=\"Bild 3 - Porten\" id=\"wows26_2\"\/><\/li>\n\t\t<li><img decoding=\"async\" src=\"https:\/\/fridhemsgatan68.se\/wp-content\/uploads\/wow-slider-plugin\/26\/images\/bild_4__porten_verluft.jpg\" alt=\"Bild 4 - Porten \u00f6verluft\" title=\"Bild 4 - Porten \u00f6verluft\" id=\"wows26_3\"\/><\/li>\n\t\t<li><img decoding=\"async\" src=\"https:\/\/fridhemsgatan68.se\/wp-content\/uploads\/wow-slider-plugin\/26\/images\/bild_5__entre_1.jpg\" alt=\"Bild 5 - Entre 1\" title=\"Bild 5 - Entre 1\" id=\"wows26_4\"\/><\/li>\n\t\t<li><img decoding=\"async\" src=\"https:\/\/fridhemsgatan68.se\/wp-content\/uploads\/wow-slider-plugin\/26\/images\/bild_6__entre_2.jpg\" alt=\"Bild 6 - Entre 2\" title=\"Bild 6 - Entre 2\" id=\"wows26_5\"\/><\/li>\n\t\t<li><img decoding=\"async\" src=\"https:\/\/fridhemsgatan68.se\/wp-content\/uploads\/wow-slider-plugin\/26\/images\/bild_7__trapphus_gata.jpg\" alt=\"Bild 7 - Trapphus gata\" title=\"Bild 7 - Trapphus gata\" id=\"wows26_6\"\/><\/li>\n\t\t<li><img decoding=\"async\" src=\"https:\/\/fridhemsgatan68.se\/wp-content\/uploads\/wow-slider-plugin\/26\/images\/bild_8__trapphus_grd.jpg\" alt=\"Bild 8 - Trapphus g\u00e5rd\" title=\"Bild 8 - Trapphus g\u00e5rd\" id=\"wows26_7\"\/><\/li>\n\t\t<li><img decoding=\"async\" src=\"https:\/\/fridhemsgatan68.se\/wp-content\/uploads\/wow-slider-plugin\/26\/images\/bild_9__innergrd.jpg\" alt=\"Bild 9 - Innerg\u00e5rd\" title=\"Bild 9 - Innerg\u00e5rd\" id=\"wows26_8\"\/><\/li>\n\t\t<li><img decoding=\"async\" src=\"https:\/\/fridhemsgatan68.se\/wp-content\/uploads\/wow-slider-plugin\/26\/images\/bild_10__balkong.jpg\" alt=\"Bild 10 - Balkong\" title=\"Bild 10 - Balkong\" id=\"wows26_9\"\/><\/li>\n\t\t<li><img decoding=\"async\" src=\"https:\/\/fridhemsgatan68.se\/wp-content\/uploads\/wow-slider-plugin\/26\/images\/bild_11__trapphus_grd.jpg\" alt=\"Bild 11 - Trapphus g\u00e5rd\" title=\"Bild 11 - Trapphus g\u00e5rd\" id=\"wows26_10\"\/><\/li>\n\t\t<li><img decoding=\"async\" src=\"https:\/\/fridhemsgatan68.se\/wp-content\/uploads\/wow-slider-plugin\/26\/images\/bild_12__bakgrd.jpg\" alt=\"Bild 12 - Bakg\u00e5rd\" title=\"Bild 12 - Bakg\u00e5rd\" id=\"wows26_11\"\/><\/li>\n\t\t<li><img decoding=\"async\" src=\"https:\/\/fridhemsgatan68.se\/wp-content\/uploads\/wow-slider-plugin\/26\/images\/bild_13__bakgrrd.jpg\" alt=\"Bild 13 - Bakgr\u00e5rd\" title=\"Bild 13 - Bakgr\u00e5rd\" id=\"wows26_12\"\/><\/li>\n\t\t<li><img decoding=\"async\" src=\"https:\/\/fridhemsgatan68.se\/wp-content\/uploads\/wow-slider-plugin\/26\/images\/bild_14__bakgrd.jpg\" alt=\"Bild 14 - Bakg\u00e5rd\" title=\"Bild 14 - Bakg\u00e5rd\" id=\"wows26_13\"\/><\/li>\n\t\t<li><img decoding=\"async\" src=\"https:\/\/fridhemsgatan68.se\/wp-content\/uploads\/wow-slider-plugin\/26\/images\/bild_15__bakgrd.jpg\" alt=\"Bild 15 - Bakg\u00e5rd\" title=\"Bild 15 - Bakg\u00e5rd\" id=\"wows26_14\"\/><\/li>\n\t\t<li><a href=\"http:\/\/wowslider.com\"><img decoding=\"async\" src=\"https:\/\/fridhemsgatan68.se\/wp-content\/uploads\/wow-slider-plugin\/26\/images\/bild_16__bakgrd.jpg\" alt=\"bootstrap slider\" title=\"Bild 16 - Bakg\u00e5rd\" id=\"wows26_15\"\/><\/a><\/li>\n\t\t<li><img decoding=\"async\" src=\"https:\/\/fridhemsgatan68.se\/wp-content\/uploads\/wow-slider-plugin\/26\/images\/bild_17__grdsfest.jpg\" alt=\"Bild 17 - G\u00e5rdsfest\" title=\"Bild 17 - G\u00e5rdsfest\" id=\"wows26_16\"\/><\/li>\n\t<\/ul><\/div>\n\t<div class=\"ws_bullets\"><div>\n\t\t<a href=\"#\" title=\"Bild 1 - Gatufasad\"><span><img decoding=\"async\" src=\"https:\/\/fridhemsgatan68.se\/wp-content\/uploads\/wow-slider-plugin\/26\/tooltips\/bild_1__gatufasad.jpg\" alt=\"Bild 1 - Gatufasad\"\/>1<\/span><\/a>\n\t\t<a href=\"#\" title=\"Bild 2 - Dekoration\"><span><img decoding=\"async\" src=\"https:\/\/fridhemsgatan68.se\/wp-content\/uploads\/wow-slider-plugin\/26\/tooltips\/bild_2__dekoration.jpg\" alt=\"Bild 2 - Dekoration\"\/>2<\/span><\/a>\n\t\t<a href=\"#\" title=\"Bild 3 - Porten\"><span><img decoding=\"async\" src=\"https:\/\/fridhemsgatan68.se\/wp-content\/uploads\/wow-slider-plugin\/26\/tooltips\/bild_3__porten.jpg\" alt=\"Bild 3 - Porten\"\/>3<\/span><\/a>\n\t\t<a href=\"#\" title=\"Bild 4 - Porten \u00f6verluft\"><span><img decoding=\"async\" src=\"https:\/\/fridhemsgatan68.se\/wp-content\/uploads\/wow-slider-plugin\/26\/tooltips\/bild_4__porten_verluft.jpg\" alt=\"Bild 4 - Porten \u00f6verluft\"\/>4<\/span><\/a>\n\t\t<a href=\"#\" title=\"Bild 5 - Entre 1\"><span><img decoding=\"async\" src=\"https:\/\/fridhemsgatan68.se\/wp-content\/uploads\/wow-slider-plugin\/26\/tooltips\/bild_5__entre_1.jpg\" alt=\"Bild 5 - Entre 1\"\/>5<\/span><\/a>\n\t\t<a href=\"#\" title=\"Bild 6 - Entre 2\"><span><img decoding=\"async\" src=\"https:\/\/fridhemsgatan68.se\/wp-content\/uploads\/wow-slider-plugin\/26\/tooltips\/bild_6__entre_2.jpg\" alt=\"Bild 6 - Entre 2\"\/>6<\/span><\/a>\n\t\t<a href=\"#\" title=\"Bild 7 - Trapphus gata\"><span><img decoding=\"async\" src=\"https:\/\/fridhemsgatan68.se\/wp-content\/uploads\/wow-slider-plugin\/26\/tooltips\/bild_7__trapphus_gata.jpg\" alt=\"Bild 7 - Trapphus gata\"\/>7<\/span><\/a>\n\t\t<a href=\"#\" title=\"Bild 8 - Trapphus g\u00e5rd\"><span><img decoding=\"async\" src=\"https:\/\/fridhemsgatan68.se\/wp-content\/uploads\/wow-slider-plugin\/26\/tooltips\/bild_8__trapphus_grd.jpg\" alt=\"Bild 8 - Trapphus g\u00e5rd\"\/>8<\/span><\/a>\n\t\t<a href=\"#\" title=\"Bild 9 - Innerg\u00e5rd\"><span><img decoding=\"async\" src=\"https:\/\/fridhemsgatan68.se\/wp-content\/uploads\/wow-slider-plugin\/26\/tooltips\/bild_9__innergrd.jpg\" alt=\"Bild 9 - Innerg\u00e5rd\"\/>9<\/span><\/a>\n\t\t<a href=\"#\" title=\"Bild 10 - Balkong\"><span><img decoding=\"async\" src=\"https:\/\/fridhemsgatan68.se\/wp-content\/uploads\/wow-slider-plugin\/26\/tooltips\/bild_10__balkong.jpg\" alt=\"Bild 10 - Balkong\"\/>10<\/span><\/a>\n\t\t<a href=\"#\" title=\"Bild 11 - Trapphus g\u00e5rd\"><span><img decoding=\"async\" src=\"https:\/\/fridhemsgatan68.se\/wp-content\/uploads\/wow-slider-plugin\/26\/tooltips\/bild_11__trapphus_grd.jpg\" alt=\"Bild 11 - Trapphus g\u00e5rd\"\/>11<\/span><\/a>\n\t\t<a href=\"#\" title=\"Bild 12 - Bakg\u00e5rd\"><span><img decoding=\"async\" src=\"https:\/\/fridhemsgatan68.se\/wp-content\/uploads\/wow-slider-plugin\/26\/tooltips\/bild_12__bakgrd.jpg\" alt=\"Bild 12 - Bakg\u00e5rd\"\/>12<\/span><\/a>\n\t\t<a href=\"#\" title=\"Bild 13 - Bakgr\u00e5rd\"><span><img decoding=\"async\" src=\"https:\/\/fridhemsgatan68.se\/wp-content\/uploads\/wow-slider-plugin\/26\/tooltips\/bild_13__bakgrrd.jpg\" alt=\"Bild 13 - Bakgr\u00e5rd\"\/>13<\/span><\/a>\n\t\t<a href=\"#\" title=\"Bild 14 - Bakg\u00e5rd\"><span><img decoding=\"async\" src=\"https:\/\/fridhemsgatan68.se\/wp-content\/uploads\/wow-slider-plugin\/26\/tooltips\/bild_14__bakgrd.jpg\" alt=\"Bild 14 - Bakg\u00e5rd\"\/>14<\/span><\/a>\n\t\t<a href=\"#\" title=\"Bild 15 - Bakg\u00e5rd\"><span><img decoding=\"async\" src=\"https:\/\/fridhemsgatan68.se\/wp-content\/uploads\/wow-slider-plugin\/26\/tooltips\/bild_15__bakgrd.jpg\" alt=\"Bild 15 - Bakg\u00e5rd\"\/>15<\/span><\/a>\n\t\t<a href=\"#\" title=\"Bild 16 - Bakg\u00e5rd\"><span><img decoding=\"async\" src=\"https:\/\/fridhemsgatan68.se\/wp-content\/uploads\/wow-slider-plugin\/26\/tooltips\/bild_16__bakgrd.jpg\" alt=\"Bild 16 - Bakg\u00e5rd\"\/>16<\/span><\/a>\n\t\t<a href=\"#\" title=\"Bild 17 - G\u00e5rdsfest\"><span><img decoding=\"async\" src=\"https:\/\/fridhemsgatan68.se\/wp-content\/uploads\/wow-slider-plugin\/26\/tooltips\/bild_17__grdsfest.jpg\" alt=\"Bild 17 - G\u00e5rdsfest\"\/>17<\/span><\/a>\n\t<\/div><\/div><div class=\"ws_script\" style=\"position:absolute;left:-99%\"><a href=\"http:\/\/wowslider.com\">wowslideshow<\/a> by WOWSlider.com v8.6m<\/div>\n\t<a href=\"#\" class=\"ws_frame\"><\/a>\n\t<div class=\"ws_shadow\"><\/div>\n<\/div>\n<!-- End WOWSlider.com BODY section -->\n\n\n<script type='text\/javascript' src='https:\/\/fridhemsgatan68.se\/wp-content\/uploads\/wow-slider-plugin\/26\/script.js'><\/script>\n\n\n<p>&nbsp;<\/p>\n<p>Fastigheten best\u00e5r av gat- och g\u00e5rdshus, innerg\u00e5rd och en stor bakg\u00e5rd som delas med grannf\u00f6reningarna. Vi har 36 l\u00e4genheter och en lokal som hyrs av Tobar Media.<\/p>\n<p>Fastighetens byggnads\u00e5r \u00e4r 1906. Vi blev bostadsf\u00f6rening 1921. Bostadsf\u00f6reningen ombildades till en \u00e4kta Bostadsr\u00e4ttsf\u00f6rening 2004.<\/p>\n<p>Fastigheten \u00e4r i ett mycket gott skick. F\u00f6reningens ekonomi \u00e4r god och stabil.<\/p>\n<p>V\u00e4lkommen till en f\u00f6rening med engagemang och gemytlig st\u00e4mning!<\/p>\n","protected":false},"excerpt":{"rendered":"<p>V\u00e4lkommen till Brf V\u00e4sterg\u00e5rd 1 \u2013 en v\u00e4lsk\u00f6tt, solid och trivsam f\u00f6rening p\u00e5 Fridhemsgatan 68 p\u00e5 Kungsholmen i Stockholm. &nbsp; Fastigheten best\u00e5r av gat- och g\u00e5rdshus, innerg\u00e5rd och en stor bakg\u00e5rd som delas med grannf\u00f6reningarna. Vi har 36 l\u00e4genheter och en lokal som hyrs av Tobar Media. Fastighetens byggnads\u00e5r \u00e4r \u2026 <a class=\"continue-reading-link\" href=\"https:\/\/fridhemsgatan68.se\/\">L\u00e4s mer <span class=\"meta-nav\">&rarr; <\/span><\/a><\/p>\n","protected":false},"author":5,"featured_media":0,"parent":0,"menu_order":0,"comment_status":"closed","ping_status":"closed","template":"","meta":{"footnotes":""},"class_list":["post-8","page","type-page","status-publish","hentry"],"_links":{"self":[{"href":"https:\/\/fridhemsgatan68.se\/index.php?rest_route=\/wp\/v2\/pages\/8"}],"collection":[{"href":"https:\/\/fridhemsgatan68.se\/index.php?rest_route=\/wp\/v2\/pages"}],"about":[{"href":"https:\/\/fridhemsgatan68.se\/index.php?rest_route=\/wp\/v2\/types\/page"}],"author":[{"embeddable":true,"href":"https:\/\/fridhemsgatan68.se\/index.php?rest_route=\/wp\/v2\/users\/5"}],"replies":[{"embeddable":true,"href":"https:\/\/fridhemsgatan68.se\/index.php?rest_route=%2Fwp%2Fv2%2Fcomments&post=8"}],"version-history":[{"count":39,"href":"https:\/\/fridhemsgatan68.se\/index.php?rest_route=\/wp\/v2\/pages\/8\/revisions"}],"predecessor-version":[{"id":172,"href":"https:\/\/fridhemsgatan68.se\/index.php?rest_route=\/wp\/v2\/pages\/8\/revisions\/172"}],"wp:attachment":[{"href":"https:\/\/fridhemsgatan68.se\/index.php?rest_route=%2Fwp%2Fv2%2Fmedia&parent=8"}],"curies":[{"name":"wp","href":"https:\/\/api.w.org\/{rel}","templated":true}]}}